{"id":121,"date":"2015-11-11T12:07:49","date_gmt":"2015-11-11T12:07:49","guid":{"rendered":"http:\/\/x-dogs.eu\/?page_id=121"},"modified":"2024-02-14T14:23:30","modified_gmt":"2024-02-14T14:23:30","slug":"die-schafe","status":"publish","type":"page","link":"https:\/\/x-dogs.eu\/?page_id=121","title":{"rendered":"die Schafe"},"content":{"rendered":"<p style=\"padding-left: 30px; text-align: center;\">Meine Herde umfasst zur Zeit +\/- 40 Mutterschafe und 10 B\u00f6cke<br \/>\n(Skudden, Gotland Pelzschafe und Gebrauchsmixe)<br \/>\nDie Skudden und Gotland Pelzschafe werden nicht im Herdbuch gez\u00fcchtet.<\/p>\n<p>&nbsp; &nbsp;&nbsp; &nbsp;&nbsp;<\/p>\n<h3 style=\"text-align: center;\">Skudden<\/h3>\n<p style=\"text-align: center;\">Schwerpunkt meiner Skuddenzucht liegt auf dem Farbschlag schwarzwei\u00df-gescheckt.<\/p>\n\n<div class=\"ngg-galleryoverview ngg-slideshow\"\n\tid=\"ngg-slideshow-a614f702234133ce530dd137790ae030-2610617940\"\n\tdata-gallery-id=\"a614f702234133ce530dd137790ae030\"\n\tstyle=\"max-width: 900px;\n\t\t\tmax-height: 900px;\n\t\t\tdisplay: none;\">\n\n\t\n\t\t<a href=\"https:\/\/x-dogs.eu\/wp-content\/gallery\/sudden\/91A3916.jpg\"\n\t\t\ttitle=\"\"\n\t\t\tdata-src=\"https:\/\/x-dogs.eu\/wp-content\/gallery\/sudden\/91A3916.jpg\"\n\t\t\tdata-thumbnail=\"https:\/\/x-dogs.eu\/wp-content\/gallery\/sudden\/thumbs\/thumbs_91A3916.jpg\"\n\t\t\tdata-image-id=\"18\"\n\t\t\tdata-title=\"91A3916\"\n\t\t\tdata-description=\"\"\n\t\t\tclass=\"ngg-fancybox\" rel=\"a614f702234133ce530dd137790ae030\">\n\n\t\t\t<img data-image-id='18'\n\t\t\t\ttitle=\"\"\n\t\t\t\talt=\"91A3916\"\n\t\t\t\tsrc=\"https:\/\/x-dogs.eu\/wp-content\/gallery\/sudden\/91A3916.jpg\"\n\t\t\t\tstyle=\"max-height: 880px;\"\/>\n\t\t<\/a>\n\n\t\t\n\t\t<a href=\"https:\/\/x-dogs.eu\/wp-content\/gallery\/sudden\/91A3820.jpg\"\n\t\t\ttitle=\"\"\n\t\t\tdata-src=\"https:\/\/x-dogs.eu\/wp-content\/gallery\/sudden\/91A3820.jpg\"\n\t\t\tdata-thumbnail=\"https:\/\/x-dogs.eu\/wp-content\/gallery\/sudden\/thumbs\/thumbs_91A3820.jpg\"\n\t\t\tdata-image-id=\"19\"\n\t\t\tdata-title=\"91A3820\"\n\t\t\tdata-description=\"\"\n\t\t\tclass=\"ngg-fancybox\" rel=\"a614f702234133ce530dd137790ae030\">\n\n\t\t\t<img data-image-id='19'\n\t\t\t\ttitle=\"\"\n\t\t\t\talt=\"91A3820\"\n\t\t\t\tsrc=\"https:\/\/x-dogs.eu\/wp-content\/gallery\/sudden\/91A3820.jpg\"\n\t\t\t\tstyle=\"max-height: 880px;\"\/>\n\t\t<\/a>\n\n\t\t\n\t\t<a href=\"https:\/\/x-dogs.eu\/wp-content\/gallery\/sudden\/91A3985.jpg\"\n\t\t\ttitle=\"\"\n\t\t\tdata-src=\"https:\/\/x-dogs.eu\/wp-content\/gallery\/sudden\/91A3985.jpg\"\n\t\t\tdata-thumbnail=\"https:\/\/x-dogs.eu\/wp-content\/gallery\/sudden\/thumbs\/thumbs_91A3985.jpg\"\n\t\t\tdata-image-id=\"20\"\n\t\t\tdata-title=\"91A3985\"\n\t\t\tdata-description=\"\"\n\t\t\tclass=\"ngg-fancybox\" rel=\"a614f702234133ce530dd137790ae030\">\n\n\t\t\t<img data-image-id='20'\n\t\t\t\ttitle=\"\"\n\t\t\t\talt=\"91A3985\"\n\t\t\t\tsrc=\"https:\/\/x-dogs.eu\/wp-content\/gallery\/sudden\/91A3985.jpg\"\n\t\t\t\tstyle=\"max-height: 880px;\"\/>\n\t\t<\/a>\n\n\t\t\n\t\t<a href=\"https:\/\/x-dogs.eu\/wp-content\/gallery\/sudden\/IMG_8159.JPG\"\n\t\t\ttitle=\"\"\n\t\t\tdata-src=\"https:\/\/x-dogs.eu\/wp-content\/gallery\/sudden\/IMG_8159.JPG\"\n\t\t\tdata-thumbnail=\"https:\/\/x-dogs.eu\/wp-content\/gallery\/sudden\/thumbs\/thumbs_IMG_8159.JPG\"\n\t\t\tdata-image-id=\"26\"\n\t\t\tdata-title=\"IMG_8159\"\n\t\t\tdata-description=\"\"\n\t\t\tclass=\"ngg-fancybox\" rel=\"a614f702234133ce530dd137790ae030\">\n\n\t\t\t<img data-image-id='26'\n\t\t\t\ttitle=\"\"\n\t\t\t\talt=\"IMG_8159\"\n\t\t\t\tsrc=\"https:\/\/x-dogs.eu\/wp-content\/gallery\/sudden\/IMG_8159.JPG\"\n\t\t\t\tstyle=\"max-height: 880px;\"\/>\n\t\t<\/a>\n\n\t\t\n\t\t<a href=\"https:\/\/x-dogs.eu\/wp-content\/gallery\/sudden\/IMG_8157.JPG\"\n\t\t\ttitle=\"\"\n\t\t\tdata-src=\"https:\/\/x-dogs.eu\/wp-content\/gallery\/sudden\/IMG_8157.JPG\"\n\t\t\tdata-thumbnail=\"https:\/\/x-dogs.eu\/wp-content\/gallery\/sudden\/thumbs\/thumbs_IMG_8157.JPG\"\n\t\t\tdata-image-id=\"27\"\n\t\t\tdata-title=\"IMG_8157\"\n\t\t\tdata-description=\"\"\n\t\t\tclass=\"ngg-fancybox\" rel=\"a614f702234133ce530dd137790ae030\">\n\n\t\t\t<img data-image-id='27'\n\t\t\t\ttitle=\"\"\n\t\t\t\talt=\"IMG_8157\"\n\t\t\t\tsrc=\"https:\/\/x-dogs.eu\/wp-content\/gallery\/sudden\/IMG_8157.JPG\"\n\t\t\t\tstyle=\"max-height: 880px;\"\/>\n\t\t<\/a>\n\n\t\t\n\t\t<a href=\"https:\/\/x-dogs.eu\/wp-content\/gallery\/sudden\/IMG_8146.JPG\"\n\t\t\ttitle=\"\"\n\t\t\tdata-src=\"https:\/\/x-dogs.eu\/wp-content\/gallery\/sudden\/IMG_8146.JPG\"\n\t\t\tdata-thumbnail=\"https:\/\/x-dogs.eu\/wp-content\/gallery\/sudden\/thumbs\/thumbs_IMG_8146.JPG\"\n\t\t\tdata-image-id=\"29\"\n\t\t\tdata-title=\"IMG_8146\"\n\t\t\tdata-description=\"\"\n\t\t\tclass=\"ngg-fancybox\" rel=\"a614f702234133ce530dd137790ae030\">\n\n\t\t\t<img data-image-id='29'\n\t\t\t\ttitle=\"\"\n\t\t\t\talt=\"IMG_8146\"\n\t\t\t\tsrc=\"https:\/\/x-dogs.eu\/wp-content\/gallery\/sudden\/IMG_8146.JPG\"\n\t\t\t\tstyle=\"max-height: 880px;\"\/>\n\t\t<\/a>\n\n\t\t\n\t\t<a href=\"https:\/\/x-dogs.eu\/wp-content\/gallery\/sudden\/IMG_8147.JPG\"\n\t\t\ttitle=\"\"\n\t\t\tdata-src=\"https:\/\/x-dogs.eu\/wp-content\/gallery\/sudden\/IMG_8147.JPG\"\n\t\t\tdata-thumbnail=\"https:\/\/x-dogs.eu\/wp-content\/gallery\/sudden\/thumbs\/thumbs_IMG_8147.JPG\"\n\t\t\tdata-image-id=\"30\"\n\t\t\tdata-title=\"IMG_8147\"\n\t\t\tdata-description=\"\"\n\t\t\tclass=\"ngg-fancybox\" rel=\"a614f702234133ce530dd137790ae030\">\n\n\t\t\t<img data-image-id='30'\n\t\t\t\ttitle=\"\"\n\t\t\t\talt=\"IMG_8147\"\n\t\t\t\tsrc=\"https:\/\/x-dogs.eu\/wp-content\/gallery\/sudden\/IMG_8147.JPG\"\n\t\t\t\tstyle=\"max-height: 880px;\"\/>\n\t\t<\/a>\n\n\t\t\n\t\t<a href=\"https:\/\/x-dogs.eu\/wp-content\/gallery\/sudden\/IMG_8173.JPG\"\n\t\t\ttitle=\"\"\n\t\t\tdata-src=\"https:\/\/x-dogs.eu\/wp-content\/gallery\/sudden\/IMG_8173.JPG\"\n\t\t\tdata-thumbnail=\"https:\/\/x-dogs.eu\/wp-content\/gallery\/sudden\/thumbs\/thumbs_IMG_8173.JPG\"\n\t\t\tdata-image-id=\"31\"\n\t\t\tdata-title=\"IMG_8173\"\n\t\t\tdata-description=\"\"\n\t\t\tclass=\"ngg-fancybox\" rel=\"a614f702234133ce530dd137790ae030\">\n\n\t\t\t<img data-image-id='31'\n\t\t\t\ttitle=\"\"\n\t\t\t\talt=\"IMG_8173\"\n\t\t\t\tsrc=\"https:\/\/x-dogs.eu\/wp-content\/gallery\/sudden\/IMG_8173.JPG\"\n\t\t\t\tstyle=\"max-height: 880px;\"\/>\n\t\t<\/a>\n\n\t\t\n\t\t<a href=\"https:\/\/x-dogs.eu\/wp-content\/gallery\/sudden\/IMG_8161.JPG\"\n\t\t\ttitle=\"\"\n\t\t\tdata-src=\"https:\/\/x-dogs.eu\/wp-content\/gallery\/sudden\/IMG_8161.JPG\"\n\t\t\tdata-thumbnail=\"https:\/\/x-dogs.eu\/wp-content\/gallery\/sudden\/thumbs\/thumbs_IMG_8161.JPG\"\n\t\t\tdata-image-id=\"32\"\n\t\t\tdata-title=\"IMG_8161\"\n\t\t\tdata-description=\"\"\n\t\t\tclass=\"ngg-fancybox\" rel=\"a614f702234133ce530dd137790ae030\">\n\n\t\t\t<img data-image-id='32'\n\t\t\t\ttitle=\"\"\n\t\t\t\talt=\"IMG_8161\"\n\t\t\t\tsrc=\"https:\/\/x-dogs.eu\/wp-content\/gallery\/sudden\/IMG_8161.JPG\"\n\t\t\t\tstyle=\"max-height: 880px;\"\/>\n\t\t<\/a>\n\n\t\t<\/div>\n\n\n\n<h3>&nbsp;<\/h3>\n\n<div class=\"ngg-galleryoverview ngg-slideshow\"\n\tid=\"ngg-slideshow-cd3856cbe31837532d43d88811cfad83-10863878660\"\n\tdata-gallery-id=\"cd3856cbe31837532d43d88811cfad83\"\n\tstyle=\"max-width: 900px;\n\t\t\tmax-height: 600px;\n\t\t\tdisplay: none;\">\n\n\t\n\t\t<a href=\"https:\/\/x-dogs.eu\/wp-content\/gallery\/skudden-hochformat\/891A6982.jpg\"\n\t\t\ttitle=\"\"\n\t\t\tdata-src=\"https:\/\/x-dogs.eu\/wp-content\/gallery\/skudden-hochformat\/891A6982.jpg\"\n\t\t\tdata-thumbnail=\"https:\/\/x-dogs.eu\/wp-content\/gallery\/skudden-hochformat\/thumbs\/thumbs_891A6982.jpg\"\n\t\t\tdata-image-id=\"102\"\n\t\t\tdata-title=\"Finn *2017\"\n\t\t\tdata-description=\"\"\n\t\t\tclass=\"ngg-fancybox\" rel=\"cd3856cbe31837532d43d88811cfad83\">\n\n\t\t\t<img data-image-id='102'\n\t\t\t\ttitle=\"\"\n\t\t\t\talt=\"Finn *2017\"\n\t\t\t\tsrc=\"https:\/\/x-dogs.eu\/wp-content\/gallery\/skudden-hochformat\/891A6982.jpg\"\n\t\t\t\tstyle=\"max-height: 580px;\"\/>\n\t\t<\/a>\n\n\t\t\n\t\t<a href=\"https:\/\/x-dogs.eu\/wp-content\/gallery\/skudden-hochformat\/FullSizeRender-9.jpg\"\n\t\t\ttitle=\"\"\n\t\t\tdata-src=\"https:\/\/x-dogs.eu\/wp-content\/gallery\/skudden-hochformat\/FullSizeRender-9.jpg\"\n\t\t\tdata-thumbnail=\"https:\/\/x-dogs.eu\/wp-content\/gallery\/skudden-hochformat\/thumbs\/thumbs_FullSizeRender-9.jpg\"\n\t\t\tdata-image-id=\"103\"\n\t\t\tdata-title=\"Skudden\"\n\t\t\tdata-description=\"\"\n\t\t\tclass=\"ngg-fancybox\" rel=\"cd3856cbe31837532d43d88811cfad83\">\n\n\t\t\t<img data-image-id='103'\n\t\t\t\ttitle=\"\"\n\t\t\t\talt=\"Skudden\"\n\t\t\t\tsrc=\"https:\/\/x-dogs.eu\/wp-content\/gallery\/skudden-hochformat\/FullSizeRender-9.jpg\"\n\t\t\t\tstyle=\"max-height: 580px;\"\/>\n\t\t<\/a>\n\n\t\t<\/div>\n\n\n\n<h3 style=\"text-align: center;\">Gotland Pelzschafe<\/h3>\n<p style=\"text-align: center;\">Die Basis meiner Gotland Pelzschafgruppe stammt aus einer Herdbuchzucht.&nbsp;<\/p>\n\n<div class=\"ngg-galleryoverview ngg-slideshow\"\n\tid=\"ngg-slideshow-944a4d1f0c9fd83553566ad40b4ba9b0-12051563190\"\n\tdata-gallery-id=\"944a4d1f0c9fd83553566ad40b4ba9b0\"\n\tstyle=\"max-width: 900px;\n\t\t\tmax-height: 900px;\n\t\t\tdisplay: none;\">\n\n\t\n\t\t<a href=\"https:\/\/x-dogs.eu\/wp-content\/gallery\/gotland-pelzschafe\/IMG_7121-scaled.jpeg\"\n\t\t\ttitle=\"\"\n\t\t\tdata-src=\"https:\/\/x-dogs.eu\/wp-content\/gallery\/gotland-pelzschafe\/IMG_7121-scaled.jpeg\"\n\t\t\tdata-thumbnail=\"https:\/\/x-dogs.eu\/wp-content\/gallery\/gotland-pelzschafe\/thumbs\/thumbs_IMG_7121-scaled.jpeg\"\n\t\t\tdata-image-id=\"36\"\n\t\t\tdata-title=\"IMG_7121-scaled\"\n\t\t\tdata-description=\"\"\n\t\t\tclass=\"ngg-fancybox\" rel=\"944a4d1f0c9fd83553566ad40b4ba9b0\">\n\n\t\t\t<img data-image-id='36'\n\t\t\t\ttitle=\"\"\n\t\t\t\talt=\"IMG_7121-scaled\"\n\t\t\t\tsrc=\"https:\/\/x-dogs.eu\/wp-content\/gallery\/gotland-pelzschafe\/IMG_7121-scaled.jpeg\"\n\t\t\t\tstyle=\"max-height: 880px;\"\/>\n\t\t<\/a>\n\n\t\t\n\t\t<a href=\"https:\/\/x-dogs.eu\/wp-content\/gallery\/gotland-pelzschafe\/891A2460-2.jpg\"\n\t\t\ttitle=\"\"\n\t\t\tdata-src=\"https:\/\/x-dogs.eu\/wp-content\/gallery\/gotland-pelzschafe\/891A2460-2.jpg\"\n\t\t\tdata-thumbnail=\"https:\/\/x-dogs.eu\/wp-content\/gallery\/gotland-pelzschafe\/thumbs\/thumbs_891A2460-2.jpg\"\n\t\t\tdata-image-id=\"34\"\n\t\t\tdata-title=\"891A2460-2\"\n\t\t\tdata-description=\"\"\n\t\t\tclass=\"ngg-fancybox\" rel=\"944a4d1f0c9fd83553566ad40b4ba9b0\">\n\n\t\t\t<img data-image-id='34'\n\t\t\t\ttitle=\"\"\n\t\t\t\talt=\"891A2460-2\"\n\t\t\t\tsrc=\"https:\/\/x-dogs.eu\/wp-content\/gallery\/gotland-pelzschafe\/891A2460-2.jpg\"\n\t\t\t\tstyle=\"max-height: 880px;\"\/>\n\t\t<\/a>\n\n\t\t\n\t\t<a href=\"https:\/\/x-dogs.eu\/wp-content\/gallery\/gotland-pelzschafe\/IMG_3620.jpeg\"\n\t\t\ttitle=\"\"\n\t\t\tdata-src=\"https:\/\/x-dogs.eu\/wp-content\/gallery\/gotland-pelzschafe\/IMG_3620.jpeg\"\n\t\t\tdata-thumbnail=\"https:\/\/x-dogs.eu\/wp-content\/gallery\/gotland-pelzschafe\/thumbs\/thumbs_IMG_3620.jpeg\"\n\t\t\tdata-image-id=\"23\"\n\t\t\tdata-title=\"IMG_3620\"\n\t\t\tdata-description=\"\"\n\t\t\tclass=\"ngg-fancybox\" rel=\"944a4d1f0c9fd83553566ad40b4ba9b0\">\n\n\t\t\t<img data-image-id='23'\n\t\t\t\ttitle=\"\"\n\t\t\t\talt=\"IMG_3620\"\n\t\t\t\tsrc=\"https:\/\/x-dogs.eu\/wp-content\/gallery\/gotland-pelzschafe\/IMG_3620.jpeg\"\n\t\t\t\tstyle=\"max-height: 880px;\"\/>\n\t\t<\/a>\n\n\t\t\n\t\t<a href=\"https:\/\/x-dogs.eu\/wp-content\/gallery\/gotland-pelzschafe\/IMG_7722.JPG\"\n\t\t\ttitle=\"\"\n\t\t\tdata-src=\"https:\/\/x-dogs.eu\/wp-content\/gallery\/gotland-pelzschafe\/IMG_7722.JPG\"\n\t\t\tdata-thumbnail=\"https:\/\/x-dogs.eu\/wp-content\/gallery\/gotland-pelzschafe\/thumbs\/thumbs_IMG_7722.JPG\"\n\t\t\tdata-image-id=\"22\"\n\t\t\tdata-title=\"IMG_7722\"\n\t\t\tdata-description=\"\"\n\t\t\tclass=\"ngg-fancybox\" rel=\"944a4d1f0c9fd83553566ad40b4ba9b0\">\n\n\t\t\t<img data-image-id='22'\n\t\t\t\ttitle=\"\"\n\t\t\t\talt=\"IMG_7722\"\n\t\t\t\tsrc=\"https:\/\/x-dogs.eu\/wp-content\/gallery\/gotland-pelzschafe\/IMG_7722.JPG\"\n\t\t\t\tstyle=\"max-height: 880px;\"\/>\n\t\t<\/a>\n\n\t\t\n\t\t<a href=\"https:\/\/x-dogs.eu\/wp-content\/gallery\/gotland-pelzschafe\/IMG_3650.jpeg\"\n\t\t\ttitle=\"\"\n\t\t\tdata-src=\"https:\/\/x-dogs.eu\/wp-content\/gallery\/gotland-pelzschafe\/IMG_3650.jpeg\"\n\t\t\tdata-thumbnail=\"https:\/\/x-dogs.eu\/wp-content\/gallery\/gotland-pelzschafe\/thumbs\/thumbs_IMG_3650.jpeg\"\n\t\t\tdata-image-id=\"24\"\n\t\t\tdata-title=\"IMG_3650\"\n\t\t\tdata-description=\"\"\n\t\t\tclass=\"ngg-fancybox\" rel=\"944a4d1f0c9fd83553566ad40b4ba9b0\">\n\n\t\t\t<img data-image-id='24'\n\t\t\t\ttitle=\"\"\n\t\t\t\talt=\"IMG_3650\"\n\t\t\t\tsrc=\"https:\/\/x-dogs.eu\/wp-content\/gallery\/gotland-pelzschafe\/IMG_3650.jpeg\"\n\t\t\t\tstyle=\"max-height: 880px;\"\/>\n\t\t<\/a>\n\n\t\t\n\t\t<a href=\"https:\/\/x-dogs.eu\/wp-content\/gallery\/gotland-pelzschafe\/IMG_7727.JPG\"\n\t\t\ttitle=\"\"\n\t\t\tdata-src=\"https:\/\/x-dogs.eu\/wp-content\/gallery\/gotland-pelzschafe\/IMG_7727.JPG\"\n\t\t\tdata-thumbnail=\"https:\/\/x-dogs.eu\/wp-content\/gallery\/gotland-pelzschafe\/thumbs\/thumbs_IMG_7727.JPG\"\n\t\t\tdata-image-id=\"21\"\n\t\t\tdata-title=\"IMG_7727\"\n\t\t\tdata-description=\"\"\n\t\t\tclass=\"ngg-fancybox\" rel=\"944a4d1f0c9fd83553566ad40b4ba9b0\">\n\n\t\t\t<img data-image-id='21'\n\t\t\t\ttitle=\"\"\n\t\t\t\talt=\"IMG_7727\"\n\t\t\t\tsrc=\"https:\/\/x-dogs.eu\/wp-content\/gallery\/gotland-pelzschafe\/IMG_7727.JPG\"\n\t\t\t\tstyle=\"max-height: 880px;\"\/>\n\t\t<\/a>\n\n\t\t\n\t\t<a href=\"https:\/\/x-dogs.eu\/wp-content\/gallery\/gotland-pelzschafe\/IMG_3649.jpg\"\n\t\t\ttitle=\"\"\n\t\t\tdata-src=\"https:\/\/x-dogs.eu\/wp-content\/gallery\/gotland-pelzschafe\/IMG_3649.jpg\"\n\t\t\tdata-thumbnail=\"https:\/\/x-dogs.eu\/wp-content\/gallery\/gotland-pelzschafe\/thumbs\/thumbs_IMG_3649.jpg\"\n\t\t\tdata-image-id=\"35\"\n\t\t\tdata-title=\"IMG_3649\"\n\t\t\tdata-description=\"\"\n\t\t\tclass=\"ngg-fancybox\" rel=\"944a4d1f0c9fd83553566ad40b4ba9b0\">\n\n\t\t\t<img data-image-id='35'\n\t\t\t\ttitle=\"\"\n\t\t\t\talt=\"IMG_3649\"\n\t\t\t\tsrc=\"https:\/\/x-dogs.eu\/wp-content\/gallery\/gotland-pelzschafe\/IMG_3649.jpg\"\n\t\t\t\tstyle=\"max-height: 880px;\"\/>\n\t\t<\/a>\n\n\t\t<\/div>\n\n\n\n<p style=\"text-align: center;\">&nbsp;<\/p>\n","protected":false},"excerpt":{"rendered":"<p>Meine Herde umfasst zur Zeit +\/- 40 Mutterschafe und 10 B\u00f6cke (Skudden, Gotland Pelzschafe und Gebrauchsmixe) Die Skudden und Gotland Pelzschafe werden nicht im Herdbuch gez\u00fcchtet. &nbsp; &nbsp;&nbsp; &nbsp;&nbsp; Skudden Schwerpunkt meiner Skuddenzucht liegt auf dem Farbschlag schwarzwei\u00df-gescheckt. &nbsp; Gotland Pelzschafe Die Basis meiner Gotland Pelzschafgruppe stammt aus einer Herdbuchzucht.&nbsp; &nbsp;<\/p>\n","protected":false},"author":1,"featured_media":0,"parent":0,"menu_order":0,"comment_status":"closed","ping_status":"closed","template":"","meta":{"ngg_post_thumbnail":0,"footnotes":""},"class_list":["post-121","page","type-page","status-publish","hentry"],"acf":[],"_links":{"self":[{"href":"https:\/\/x-dogs.eu\/index.php?rest_route=\/wp\/v2\/pages\/121","targetHints":{"allow":["GET"]}}],"collection":[{"href":"https:\/\/x-dogs.eu\/index.php?rest_route=\/wp\/v2\/pages"}],"about":[{"href":"https:\/\/x-dogs.eu\/index.php?rest_route=\/wp\/v2\/types\/page"}],"author":[{"embeddable":true,"href":"https:\/\/x-dogs.eu\/index.php?rest_route=\/wp\/v2\/users\/1"}],"replies":[{"embeddable":true,"href":"https:\/\/x-dogs.eu\/index.php?rest_route=%2Fwp%2Fv2%2Fcomments&post=121"}],"version-history":[{"count":25,"href":"https:\/\/x-dogs.eu\/index.php?rest_route=\/wp\/v2\/pages\/121\/revisions"}],"predecessor-version":[{"id":1582,"href":"https:\/\/x-dogs.eu\/index.php?rest_route=\/wp\/v2\/pages\/121\/revisions\/1582"}],"wp:attachment":[{"href":"https:\/\/x-dogs.eu\/index.php?rest_route=%2Fwp%2Fv2%2Fmedia&parent=121"}],"curies":[{"name":"wp","href":"https:\/\/api.w.org\/{rel}","templated":true}]}}