{"id":1033,"date":"2023-11-24T12:17:55","date_gmt":"2023-11-24T12:17:55","guid":{"rendered":"http:\/\/x-dogs.eu\/?page_id=1033"},"modified":"2024-10-15T05:35:01","modified_gmt":"2024-10-15T05:35:01","slug":"rosa","status":"publish","type":"page","link":"https:\/\/x-dogs.eu\/?page_id=1033","title":{"rendered":"Rosa"},"content":{"rendered":"<p style=\"text-align: center;\">Wurfplanung Fr\u00fchjahr 2025<\/p>\n<p style=\"text-align: center;\">litter planning spring 2025<\/p>\n<p style=\"text-align: center;\">&gt;&gt;&gt; <a href=\"https:\/\/x-dogs.eu\/?page_id=906\">SAMSARA (GY)<\/a><\/p>\n<h1 style=\"text-align: center;\"><img loading=\"lazy\" decoding=\"async\" class=\"aligncenter size-full wp-image-1109\" src=\"https:\/\/x-dogs.eu\/wp-content\/uploads\/2024\/01\/cropped-91A4090-1-scaled-1.jpeg\" alt=\"\" width=\"940\" height=\"472\" srcset=\"https:\/\/x-dogs.eu\/wp-content\/uploads\/2024\/01\/cropped-91A4090-1-scaled-1.jpeg 940w, https:\/\/x-dogs.eu\/wp-content\/uploads\/2024\/01\/cropped-91A4090-1-scaled-1-300x151.jpeg 300w, https:\/\/x-dogs.eu\/wp-content\/uploads\/2024\/01\/cropped-91A4090-1-scaled-1-768x386.jpeg 768w\" sizes=\"auto, (max-width: 940px) 100vw, 940px\" \/><strong style=\"font-size: 16px;\">DILLIGAF (GY) ready Rosa<\/strong><\/h1>\n<p style=\"text-align: center;\"><strong style=\"font-size: 16px;\">* 02.01.2022<br \/>\n<\/strong><\/p>\n<p style=\"text-align: center;\">WKC A3F 45726 22 JRH (V-A46) &nbsp; &nbsp; &nbsp;<br \/>\nFCI\/VDH 23\/135 R00399<\/p>\n<p style=\"text-align: center;\">KULOO Bullet WKC A3M 3722919 &nbsp;<\/p>\n<p style=\"text-align: center;\">x &nbsp;<\/p>\n<p style=\"text-align: center;\">CAVIAR Skye WKC A2F 3963420<\/p>\n<p style=\"text-align: center;\">&nbsp;Z\u00fcchter: Jan-Ren\u00e9 Hartmann<\/p>\n<p style=\"text-align: center;\">Gr\u00f6\u00dfe: 47,5 cm &nbsp; &nbsp; &nbsp; Gewicht: 16 kg<\/p>\n<p style=\"text-align: center;\"><strong>Ausbildungskennzeichen:<br \/>\n<\/strong>Begleithundepr\u00fcfung (BH), Agility A3 intermediate<\/p>\n<p style=\"text-align: center;\"><strong>Gesundheitsuntersuchungen\/Gentests:<\/strong><\/p>\n<p style=\"text-align: center;\">&#8211; HD-B, ED-, OCD- und LTV-frei (offizielles Gutachten Dr. A. Koch) (10\/2024)<\/p>\n<p style=\"text-align: center;\">&#8211; Herz-Ultraschall ohne Befund, Dr. Deinert, Tierklinik am Sandpfad (03\/2024)<\/p>\n<p style=\"text-align: center;\">&#8211; CA (Cerebellar abiotrophy) marker LINGO 3 C\/C negativ und VMP1 C\/C negativ (04\/2022)<\/p>\n<p style=\"text-align: center;\"><img loading=\"lazy\" decoding=\"async\" class=\"aligncenter wp-image-1101 size-full\" src=\"https:\/\/x-dogs.eu\/wp-content\/uploads\/2024\/01\/cropped-91A4108-scaled-2.jpeg\" alt=\"\" width=\"2000\" height=\"1200\" srcset=\"https:\/\/x-dogs.eu\/wp-content\/uploads\/2024\/01\/cropped-91A4108-scaled-2.jpeg 2000w, https:\/\/x-dogs.eu\/wp-content\/uploads\/2024\/01\/cropped-91A4108-scaled-2-300x180.jpeg 300w, https:\/\/x-dogs.eu\/wp-content\/uploads\/2024\/01\/cropped-91A4108-scaled-2-1024x614.jpeg 1024w, https:\/\/x-dogs.eu\/wp-content\/uploads\/2024\/01\/cropped-91A4108-scaled-2-768x461.jpeg 768w, https:\/\/x-dogs.eu\/wp-content\/uploads\/2024\/01\/cropped-91A4108-scaled-2-1536x922.jpeg 1536w\" sizes=\"auto, (max-width: 2000px) 100vw, 2000px\" \/><\/p>\n<p style=\"text-align: center;\">Rosa ist eine sehr agile, athletische kleine H\u00fcndin, die sich durch eine enorm hohe Arbeitsbereitschaft in vielen Bereichen (H\u00fctearbeit, Hundesport, Einsatz als Schulhund) auszeichnet.<br \/>\nSie ist sozusagen f\u00fcr jeden Spa\u00df zu haben \ud83d\ude09 und eher der Typ \u201eAktivist\u201c.&nbsp;<br \/>\nMit ihrem \u00fcberaus freundlichen Wesen l\u00f6st sie bei nahezu allen Lebewesen eine positive Reaktion aus, wei\u00df sich aber am Vieh durchzusetzen, wenn es n\u00f6tig ist.&nbsp;<br \/>\nIhre schnelle Auffassungsgabe und F\u00e4higkeit zum Entspannen, wenn es nichts zu tun gibt, machen sie zu einer sehr angenehmen Begleiterin.&nbsp;<\/p>\n<p>Rosa\u2018s Eltern sind beide Direktimporte aus Australien.&nbsp;<\/p>\n<p style=\"text-align: center;\">&nbsp; &nbsp; &nbsp; &nbsp; &nbsp; &nbsp; &nbsp; &nbsp; &nbsp; &nbsp; &nbsp; &nbsp; &nbsp; &nbsp; &nbsp; &nbsp; &nbsp; &nbsp; &nbsp; &nbsp; &nbsp; &nbsp; &nbsp;<iframe loading=\"lazy\" title=\"YouTube video player\" src=\"https:\/\/www.youtube.com\/embed\/u-0gKxYL7PA?si=pdaORRJjqz_24u-P\" width=\"560\" height=\"315\" frameborder=\"0\" allowfullscreen=\"allowfullscreen\"><\/iframe><\/p>\n<p>&nbsp;<\/p>\n<p><img loading=\"lazy\" decoding=\"async\" class=\"wp-image-1053 size-large aligncenter\" src=\"https:\/\/x-dogs.eu\/wp-content\/uploads\/2023\/11\/IMG_6316-1024x708.jpeg\" alt=\"\" width=\"640\" height=\"443\" srcset=\"https:\/\/x-dogs.eu\/wp-content\/uploads\/2023\/11\/IMG_6316-1024x708.jpeg 1024w, https:\/\/x-dogs.eu\/wp-content\/uploads\/2023\/11\/IMG_6316-300x207.jpeg 300w, https:\/\/x-dogs.eu\/wp-content\/uploads\/2023\/11\/IMG_6316-768x531.jpeg 768w, https:\/\/x-dogs.eu\/wp-content\/uploads\/2023\/11\/IMG_6316.jpeg 1095w\" sizes=\"auto, (max-width: 640px) 100vw, 640px\" \/><\/p>\n<p style=\"text-align: center;\">&nbsp;<\/p>\n<p>&nbsp;<\/p>\n","protected":false},"excerpt":{"rendered":"<p>Wurfplanung Fr\u00fchjahr 2025 litter planning spring 2025 &gt;&gt;&gt; SAMSARA (GY) DILLIGAF (GY) ready Rosa * 02.01.2022 WKC A3F 45726 22 JRH (V-A46) &nbsp; &nbsp; &nbsp; FCI\/VDH 23\/135 R00399 KULOO Bullet WKC A3M 3722919 &nbsp; x &nbsp; CAVIAR Skye WKC A2F 3963420 &nbsp;Z\u00fcchter: Jan-Ren\u00e9 Hartmann Gr\u00f6\u00dfe: 47,5 cm &nbsp; &nbsp; &nbsp; Gewicht: 16 kg Ausbildungskennzeichen: Begleithundepr\u00fcfung (BH), Agility A3 intermediate Gesundheitsuntersuchungen\/Gentests: &#8211; HD-B, ED-, OCD- und LTV-frei (offizielles Gutachten Dr. A. Koch) (10\/2024) &#8211; Herz-Ultraschall ohne Befund, Dr. Deinert, Tierklinik am Sandpfad (03\/2024) &#8211; CA (Cerebellar abiotrophy) marker LINGO 3 C\/C negativ und VMP1 C\/C negativ (04\/2022) Rosa ist eine sehr agile, athletische kleine H\u00fcndin, die sich durch eine enorm hohe Arbeitsbereitschaft in vielen Bereichen (H\u00fctearbeit, Hundesport, Einsatz als Schulhund) auszeichnet. Sie ist sozusagen f\u00fcr jeden Spa\u00df zu haben \ud83d\ude09 und eher der Typ \u201eAktivist\u201c.&nbsp; Mit ihrem \u00fcberaus freundlichen Wesen l\u00f6st sie bei nahezu allen Lebewesen eine positive Reaktion aus, wei\u00df sich aber am Vieh durchzusetzen, wenn es n\u00f6tig ist.&nbsp; Ihre schnelle Auffassungsgabe und F\u00e4higkeit zum Entspannen, wenn es nichts zu tun gibt, machen sie zu einer sehr angenehmen Begleiterin.&nbsp; Rosa\u2018s Eltern sind beide Direktimporte aus Australien.&nbsp; &nbsp; &nbsp; &nbsp; &nbsp; &nbsp; &nbsp; &nbsp; &nbsp; &nbsp; &nbsp; &nbsp; &nbsp; &nbsp; &nbsp; &nbsp; &nbsp; &nbsp; &nbsp; &nbsp; &nbsp; &nbsp; &nbsp; &nbsp; &nbsp; &nbsp; &nbsp;<\/p>\n","protected":false},"author":1,"featured_media":0,"parent":0,"menu_order":0,"comment_status":"closed","ping_status":"closed","template":"","meta":{"ngg_post_thumbnail":0,"footnotes":""},"class_list":["post-1033","page","type-page","status-publish","hentry"],"acf":[],"_links":{"self":[{"href":"https:\/\/x-dogs.eu\/index.php?rest_route=\/wp\/v2\/pages\/1033","targetHints":{"allow":["GET"]}}],"collection":[{"href":"https:\/\/x-dogs.eu\/index.php?rest_route=\/wp\/v2\/pages"}],"about":[{"href":"https:\/\/x-dogs.eu\/index.php?rest_route=\/wp\/v2\/types\/page"}],"author":[{"embeddable":true,"href":"https:\/\/x-dogs.eu\/index.php?rest_route=\/wp\/v2\/users\/1"}],"replies":[{"embeddable":true,"href":"https:\/\/x-dogs.eu\/index.php?rest_route=%2Fwp%2Fv2%2Fcomments&post=1033"}],"version-history":[{"count":38,"href":"https:\/\/x-dogs.eu\/index.php?rest_route=\/wp\/v2\/pages\/1033\/revisions"}],"predecessor-version":[{"id":1681,"href":"https:\/\/x-dogs.eu\/index.php?rest_route=\/wp\/v2\/pages\/1033\/revisions\/1681"}],"wp:attachment":[{"href":"https:\/\/x-dogs.eu\/index.php?rest_route=%2Fwp%2Fv2%2Fmedia&parent=1033"}],"curies":[{"name":"wp","href":"https:\/\/api.w.org\/{rel}","templated":true}]}}